{"id":33,"date":"2026-04-03T11:27:54","date_gmt":"2026-04-03T11:27:54","guid":{"rendered":"https:\/\/sandrine-dezalay.com\/?page_id=33"},"modified":"2026-04-03T12:50:51","modified_gmt":"2026-04-03T12:50:51","slug":"contact","status":"publish","type":"page","link":"https:\/\/sandrine-dezalay.com\/?page_id=33","title":{"rendered":"Contact"},"content":{"rendered":"\n<p class=\"has-text-align-center\"><strong>Vous avez un projet, une envie, une id\u00e9e ?<\/strong><br>Je serai ravie d\u2019en parler avec vous. Chaque demande est unique, je prends le temps d\u2019\u00e9couter, de comprendre et d\u2019imaginer la meilleure mani\u00e8re de vous accompagner.<\/p>\n\n\n\n<p class=\"has-text-align-center has-base-color has-text-color has-link-color wp-elements-139dea8b1df83fc25b73cbd2a7ce3438\">Contactez-moi !<\/p>\n\n\n\n<figure class=\"wp-block-image alignfull size-full is-style-rounded is-style-rounded--1\" style=\"margin-bottom:var(--wp--preset--spacing--40)\"><img loading=\"lazy\" decoding=\"async\" width=\"1108\" height=\"737\" src=\"https:\/\/sandrine-dezalay.com\/wp-content\/uploads\/2026\/03\/33382236_1878941168782922_1877919612033564672_n-1.jpg\" alt=\"\" class=\"wp-image-64\" srcset=\"https:\/\/sandrine-dezalay.com\/wp-content\/uploads\/2026\/03\/33382236_1878941168782922_1877919612033564672_n-1.jpg 1108w, https:\/\/sandrine-dezalay.com\/wp-content\/uploads\/2026\/03\/33382236_1878941168782922_1877919612033564672_n-1-300x200.jpg 300w, https:\/\/sandrine-dezalay.com\/wp-content\/uploads\/2026\/03\/33382236_1878941168782922_1877919612033564672_n-1-1024x681.jpg 1024w, https:\/\/sandrine-dezalay.com\/wp-content\/uploads\/2026\/03\/33382236_1878941168782922_1877919612033564672_n-1-768x511.jpg 768w\" sizes=\"auto, (max-width: 1108px) 100vw, 1108px\" \/><\/figure>\n\n\n\n<p class=\"has-medium-font-size\"><strong>Vous pouvez me contacter pour :<\/strong><\/p>\n\n\n\n<ul class=\"wp-block-list\">\n<li>un reportage<\/li>\n\n\n\n<li>une s\u00e9ance portrait ou studio<\/li>\n\n\n\n<li>une commande artistique<\/li>\n\n\n\n<li>un devis<\/li>\n\n\n\n<li>une collaboration<\/li>\n\n\n\n<li>une prise d\u2019information<\/li>\n\n\n\n<li>un stage ou une formation<\/li>\n<\/ul>\n\n\n\n<p class=\"has-medium-font-size\"><strong>H\u00e2te de cr\u00e9er ensemble.<\/strong> <\/p>\n\n\n\n<form method=\"post\" class=\"wp-block-gutena-forms gutena-forms-contact-form gutena_forms_ID_b79f78eb928_322026145351 input-box-border-bottom-only after_submit_message is-layout-flow wp-container-gutena-forms-is-layout-676bfe2e wp-block-gutena-forms-is-layout-flow\" style=\"padding-top:1.1rem;padding-bottom:0rem\"><input type=\"hidden\" name=\"formid\" value=\"gutena_forms_ID_b79f78eb928_322026145351\"\/>\n<div class=\"wp-block-gutena-text-field-group wp-block-gutena-field-group is-layout-flow wp-block-gutena-text-field-group-is-layout-flow\">\n<div class=\"wp-block-group is-nowrap is-layout-flex wp-container-core-group-is-layout-6c531013 wp-block-group-is-layout-flex\"><label for=\"first_name\">Pr\u00e9nom<\/label>\n\n<div class=\"gutena-forms-text-field field-name-first_name  wp-block-gutena-form-field\"><input\n\t\t\t\tid=\"first_name\"\n\t\t\t\t name=\"first_name\" type=\"text\" class=\"gutena-forms-field text-field required-field  \" placeholder=\"Enter your first name\"  required\n\t\t\t\t\/><\/div><\/div>\n\n\n\n<p class=\"gutena-forms-field-error-msg\"><\/p>\n<\/div>\n\n\n\n<div class=\"wp-block-gutena-text-field-group wp-block-gutena-field-group is-layout-flow wp-block-gutena-text-field-group-is-layout-flow\">\n<div class=\"wp-block-group is-nowrap is-layout-flex wp-container-core-group-is-layout-6c531013 wp-block-group-is-layout-flex\"><label for=\"last_name\">Nom<\/label>\n\n<div class=\"gutena-forms-text-field field-name-last_name  wp-block-gutena-form-field\"><input\n\t\t\t\tid=\"last_name\"\n\t\t\t\t name=\"last_name\" type=\"text\" class=\"gutena-forms-field text-field required-field  \" placeholder=\"Enter your last name\"  required\n\t\t\t\t\/><\/div><\/div>\n\n\n\n<p class=\"gutena-forms-field-error-msg\"><\/p>\n<\/div>\n\n\n\n<div class=\"wp-block-gutena-email-field-group wp-block-gutena-field-group is-layout-flow wp-block-gutena-email-field-group-is-layout-flow\">\n<div class=\"wp-block-group is-nowrap is-layout-flex wp-container-core-group-is-layout-6c531013 wp-block-group-is-layout-flex\"><label for=\"email\">Email<\/label>\n\n<div class=\"gutena-forms-email-field field-name-email  wp-block-gutena-form-field\"><input\n\t\t\t\tid=\"email\"\n\t\t\t\t name=\"email\" type=\"email\" class=\"gutena-forms-field email-field required-field  \" placeholder=\"example@gmail.com\"  required\n\t\t\t\t\/><\/div><\/div>\n\n\n\n<p class=\"gutena-forms-field-error-msg\"><\/p>\n<\/div>\n\n\n\n<div class=\"wp-block-gutena-text-field-group wp-block-gutena-field-group is-layout-flow wp-block-gutena-text-field-group-is-layout-flow\">\n<div class=\"wp-block-group is-nowrap is-layout-flex wp-container-core-group-is-layout-6c531013 wp-block-group-is-layout-flex\"><label for=\"subject\">Subject<\/label>\n\n<div class=\"gutena-forms-text-field field-name-subject  wp-block-gutena-form-field\"><input\n\t\t\t\tid=\"subject\"\n\t\t\t\t name=\"subject\" type=\"text\" class=\"gutena-forms-field text-field required-field  \" placeholder=\"Subject\"  required\n\t\t\t\t\/><\/div><\/div>\n\n\n\n<p class=\"gutena-forms-field-error-msg\"><\/p>\n<\/div>\n\n\n\n<div class=\"wp-block-gutena-textarea-field-group wp-block-gutena-field-group is-layout-flow wp-block-gutena-textarea-field-group-is-layout-flow\">\n<div class=\"wp-block-group is-vertical is-layout-flex wp-container-core-group-is-layout-fe9cc265 wp-block-group-is-layout-flex\"><label for=\"message\">Message<\/label>\n\n<div class=\"gutena-forms-textarea-field field-name-message  wp-block-gutena-form-field\"><textarea\n\t\t\t\tid=\"message\"\n\t\t\t\t name=\"message\" rows=\"5\" class=\"gutena-forms-field textarea-field required-field  \" placeholder=\"Type here\"  required\n\t\t\t\t><\/textarea><\/div><\/div>\n\n\n\n<p class=\"gutena-forms-field-error-msg\"><\/p>\n<\/div>\n\n\n\n<div class=\"wp-block-buttons gutena-forms-submit-buttons is-layout-flex wp-block-buttons-is-layout-flex\">\n<div class=\"wp-block-button gutena-forms-submit-button\"><button class=\"wp-block-button__link wp-element-button\">Submit<\/button><\/div>\n<\/div>\n\n\n\n<div class=\"wp-block-gutena-form-confirm-msg is-layout-flow wp-block-gutena-form-confirm-msg-is-layout-flow\">\n<div class=\"wp-block-group is-layout-flow wp-block-group-is-layout-flow\">\n<p><\/p>\n\n\n\n<p>Votre formulaire a bien \u00e9t\u00e9 envoy\u00e9 !<\/p>\n<\/div>\n<\/div>\n\n\n\n<div class=\"wp-block-gutena-form-error-msg is-layout-flow wp-block-gutena-form-error-msg-is-layout-flow\">\n<div class=\"wp-block-group is-layout-flow wp-block-group-is-layout-flow\">\n<p>D\u00e9sol\u00e9 ! Votre formulaire n&rsquo;a pas \u00e9t\u00e9 envoy\u00e9 correctement. Veuillez v\u00e9rifier les erreurs indiqu\u00e9es ci-dessus.<\/p>\n<\/div>\n<\/div>\n<\/form>\n\n\n\n<form method=\"post\" class=\"wp-block-gutena-forms gutena-forms-contact-form gutena_forms_ID_adca5542618_2632026151631 after_submit_message is-layout-flow wp-block-gutena-forms-is-layout-flow\"><input type=\"hidden\" name=\"formid\" value=\"gutena_forms_ID_adca5542618_2632026151631\"\/>\n<form method=\"post\" class=\"wp-block-gutena-forms gutena-forms-contact-form gutena_forms_ID_adca5542618_2632026151631 after_submit_message is-layout-flow wp-block-gutena-forms-is-layout-flow wp-block-gutena-existing-forms-is-layout-flow\"><input type=\"hidden\" name=\"formid\" value=\"gutena_forms_ID_adca5542618_2632026151631\"\/><\/form>\n<\/form>\n\n\n\n<p><\/p>\n","protected":false},"excerpt":{"rendered":"<p>Vous avez un projet, une envie, une id\u00e9e ?Je serai ravie d\u2019en parler avec vous. Chaque demande est unique, je prends le temps d\u2019\u00e9couter, de comprendre et d\u2019imaginer la meilleure mani\u00e8re de vous accompagner. Contactez-moi ! Vous pouvez me contacter pour : H\u00e2te de cr\u00e9er ensemble.<\/p>\n","protected":false},"author":2,"featured_media":0,"parent":0,"menu_order":0,"comment_status":"closed","ping_status":"closed","template":"","meta":{"footnotes":""},"class_list":["post-33","page","type-page","status-publish","hentry"],"_links":{"self":[{"href":"https:\/\/sandrine-dezalay.com\/index.php?rest_route=\/wp\/v2\/pages\/33","targetHints":{"allow":["GET"]}}],"collection":[{"href":"https:\/\/sandrine-dezalay.com\/index.php?rest_route=\/wp\/v2\/pages"}],"about":[{"href":"https:\/\/sandrine-dezalay.com\/index.php?rest_route=\/wp\/v2\/types\/page"}],"author":[{"embeddable":true,"href":"https:\/\/sandrine-dezalay.com\/index.php?rest_route=\/wp\/v2\/users\/2"}],"replies":[{"embeddable":true,"href":"https:\/\/sandrine-dezalay.com\/index.php?rest_route=%2Fwp%2Fv2%2Fcomments&post=33"}],"version-history":[{"count":10,"href":"https:\/\/sandrine-dezalay.com\/index.php?rest_route=\/wp\/v2\/pages\/33\/revisions"}],"predecessor-version":[{"id":125,"href":"https:\/\/sandrine-dezalay.com\/index.php?rest_route=\/wp\/v2\/pages\/33\/revisions\/125"}],"wp:attachment":[{"href":"https:\/\/sandrine-dezalay.com\/index.php?rest_route=%2Fwp%2Fv2%2Fmedia&parent=33"}],"curies":[{"name":"wp","href":"https:\/\/api.w.org\/{rel}","templated":true}]}}